*i + 53*i - 6008. List the prime factors of i.
751
Suppose 6*y + 2 = 4*y. What are the prime factors of (-20)/((y/(-22))/(-1))?
2, 5, 11
Let y = -821 + 853. Suppose 3*x - 2*w - 169 = 0, -x + 179 = 2*x - 4*w. Let g = x + y. List the prime factors of g.
5, 17
Let v(i) = 1343*i - 514. List the prime factors of v(5).
3, 13, 53
Let r be 192/72*3/2. Let d be r - 72/20 - (-2238)/5. Suppose 0 = 4*s - 11*s + d. What are the prime factors of s?
2
Let i = -261 + 268. Let r = 918 - i. What are the prime factors of r?
911
Suppose -94*k - 58343 = -98*k + 5*z, -2*k - 4*z = -29152. List the prime factors of k.
2, 23, 317
Suppose -86*k - 1470 = -76*k. Let y = k + 387. List the prime factors of y.
2, 3, 5
Suppose -4*q = q - 5. Let t be q/(2/2)*-3. What are the prime factors of (-7)/(4/t - (-51)/45)?
5, 7
Let r(d) = 26*d + 5*d - 19 + 40 + 0*d - 19. Let k be 1/(1*(-2)/(-12)). List the prime factors of r(k).
2, 47
Suppose -32*d + 134573 + 39443 = 0. What are the prime factors of d?
2, 2719
Let n(b) = -b**2 - 2*b + 4894. Let c be n(0). Suppose -2*w + 7*w = -2*y + 1976, 5*y = -w + c. Suppose 8*z - 2*z = y. List the prime factors of z.
163
Let r be 4/10 + 7/(140/32). Let v be -4 - (r - 4) - 2. Let g = 29 - v. What are the prime factors of g?
3, 11
Let a = -30493 - -55777. List the prime factors of a.
2, 3, 7, 43
Let a(o) = o + 41. Let d be a(-18). Let g = 53 - d. What are the prime factors of g?
2, 3, 5
Let r(f) = f - 10. Let v be r(12). Let z(b) = 19*b**3 + 10*b**2 + 3*b. List the prime factors of z(v).
2, 3, 11
Let r be (-20)/6*(-168)/20. Suppose -r*y = -26*y. Suppose 0 = 3*f + 3*a - 90, y = 3*f - 6*a + a - 50. List the prime factors of f.
5
Let t(z) = -7*z + 135. Let d be t(16). What are the prime factors of (-431 + 1)/(d/((-207)/6))?
3, 5, 43
Let c be 27/2*(-24)/(-18). Let v = c - 14. Suppose 2*m + m + 446 = 2*l, 0 = -v*l - 5*m + 870. What are the prime factors of l?
2, 5, 11
Let g = -22338 + 72211. List the prime factors of g.
53, 941
Let f = -6597 + 13882. What are the prime factors of f?
5, 31, 47
Let b = -554 - -557. Suppose -4*g + 20 = 0, 6121 - 1018 = b*w + 3*g. List the prime factors of w.
2, 53
Let y(i) = -i**3 + 3*i**2 + 3*i + 7. Let n be y(4). Let c be n + 84/18 + (-4)/6. Suppose q - c + 367 = 5*f, 0 = 2*q - 10. What are the prime factors of f?
73
Let f(s) = -3*s**3 - s**2 + s. Let i be f(1). Let m(a) = a - 2. Let c(z) = -7*z + 17. Let p(u) = c(u) + 5*m(u). List the prime factors of p(i).
13
Let d(v) = -114 - 5*v + 21*v - 3*v - 6*v. Let u(n) = -1. Let m(g) = -d(g) + 4*u(g). List the prime factors of m(0).
2, 5, 11
Let p(w) = -w**2 + 9*w + 17. Let o = 34 + -22. Let c be p(o). Let q = 15 - c. What are the prime factors of q?
2, 17
Suppose -23 = -3*h - 4*x + 129, 15 = 3*x. Let i be h - 1/1*-3. Suppose -49 = -4*n + i. What are the prime factors of n?
2, 3
List the prime factors of -8 + 639102/18 + (3/9 - 1).
7, 11, 461
Let b be 42/(-5)*(-165)/6. Suppose -8*x + 29*x = b. What are the prime factors of x?
11
What are the prime factors of ((-1694032)/(-12))/2 - ((-368)/24 - -16)?
2, 3, 17, 173
Suppose 7*g - 26*g + 5225 = 0. Suppose -4*m + 7*m = 0. Suppose -2*l = -2*w + 162, 3*w - g = -m*w - 5*l. List the prime factors of w.
5, 17
Let h = -97 - 1. Let t = -95 - h. Let l(i) = 18*i**2 - 6*i + 9. What are the prime factors of l(t)?
3, 17
Suppose 0 = 2*y + 3*f - 8016, -5*y + 751 = f - 19315. List the prime factors of y.
2, 3, 223
Let y(r) = 9 - 2*r**2 - 3*r**2 + 0*r**3 - 11*r - r**3 - 3*r**2. Let d be y(-6). What are the prime factors of (-195)/d*(-33)/15?
11, 13
Suppose -1708*w = -1704*w - 141888. What are the prime factors of w?
2, 3, 739
What are the prime factors of (-35 + 38)/((-12)/(-22564))?
5641
Let r(m) = 4*m + 1 - 5*m + 0*m**2 + 2*m**2. Let a be ((-25)/10)/(1/2). List the prime factors of r(a).
2, 7
Suppose -27*u = -14*u - 117. Suppose 2*w = -2*w + 16. Suppose -180 = 4*j - u*j + w*s, 3*s + 15 = 0. List the prime factors of j.
2
Let m be -5 - ((-12117)/11 - (-6)/11). Suppose 352 + 203 = k + 4*c, 2*k + c - m = 0. List the prime factors of k.
547
Suppose 123191 = 12*r - 187141. List the prime factors of r.
11, 2351
Let m(u) = -3*u**3 - 18*u**2 + 4*u + 75. Let o be m(-8). What are the prime factors of o/1 - 3/12*20?
2, 211
Suppose 0 = w - 3 - 10. Let i be (0 - (-6)/(-5)) + w/65. What are the prime factors of 2/(i/23*10/(-25))?
5, 23
Let g be (4/((-48)/(-20)))/((-4)/1080). Let l be (9/(-5))/(10/g). Let n = -39 + l. List the prime factors of n.
2, 3, 7
List the prime factors of ((-96588)/(-10))/(24/60).
3, 2683
List the prime factors of 5 - (29014 - 10)/2*(-1)/2.
2, 907
Let k(u) = -u**3 - 4*u**2 - 22*u - 43. What are the prime factors of k(-15)?
2, 1381
Let b = -440 - -773. Let k = -229 + b. Let h = 181 - k. List the prime factors of h.
7, 11
Let j(i) be the second derivative of -16*i**3/3 + 4*i**2 + 7*i. Let h(o) = -64*o + 16. Let y(u) = -3*h(u) + 5*j(u). List the prime factors of y(3).
2, 11
Suppose 3*x + 56058 = 6*j, 5*j - 13*x + 11*x = 46718. What are the prime factors of j?
2, 4673
Let g(n) = n**3 - 17 + 3*n - 3*n + 0*n + 7*n**2 + 5*n. Let d be g(-7). Let s = 55 + d. List the prime factors of s.
3
List the prime factors of 16/(-1)*((-164153)/(-11))/((-12)/3).
2, 14923
Suppose 121*y - 128*y = -70. List the prime factors of (4720/12)/y*(2 - -16).
2, 3, 59
Suppose -749093 = -58*l + 580664 + 1210295. What are the prime factors of l?
2, 3, 811
Suppose -54*i + 289135 + 1493189 = 0. What are the prime factors of i?
2, 3, 5501
Let s = -15917 + 29448. List the prime factors of s.
7, 1933
Let q(j) = -93*j - 5918. What are the prime factors of q(-69)?
499
Suppose -57 - 90 = -7*u. What are the prime factors of ((-275*u)/(-7))/1?
3, 5, 11
Suppose -2*a - 5*p + 13 = 0, -a - 2*p + 14 = 2*p. Let m(s) = -19*s + 1. List the prime factors of m(a).
5, 23
Let c = -1853 + 1768. Suppose -x + 29 = -69. Let d = x - c. List the prime factors of d.
3, 61
Let h be 2/(-1) + (9 - (-21 - 5)). List the prime factors of 575 + 1 + (-13)/((-143)/h).
3, 193
Let w(j) = 39*j - 1. Let i be w(4). Suppose 478*t - 479*t - 3*b = -257, 2*t = 4*b + 484. Let v = t - i. What are the prime factors of v?
3, 31
Suppose 2*z = -5*r + 150, 2*z + z - r - 225 = 0. Suppose 45*m - z = 44*m. Suppose i = -4*i + m. What are the prime factors of i?
3, 5
Let u(c) = 96*c + 55. Let x be u(7). Let o = x - 410. List the prime factors of o.
317
Let u be (60/18 - 3)*12. Suppose -u*r = 4*m - 220, 3*r + m + 235 = 7*r. List the prime factors of r.
2, 29
Let k(f) = 5*f - 69. Let n be k(3). List the prime factors of 9/n - (-5491)/6.
3, 5, 61
Suppose -252 = 13*n - 20*n. Suppose 22*l + 6552 = n*l. List the prime factors of l.
2, 3, 13
Let w = 655 + -1032. Let j = w + 725. What are the prime factors of j?
2, 3, 29
Let g be (-1 - -3) + -2 - -15 - -3. Suppose -5*n + 25047 = g*n. What are the prime factors of n?
3, 11
Let a = -105 + 61. Let n = a - -41. Let f(l) = 12*l**2 + 2*l + 4. List the prime factors of f(n).
2, 53
Let x = -16808 - -25805. List the prime factors of x.
3, 2999
Let s(n) = -4324*n + 401. List the prime factors of s(-4).
3, 17, 347
Let a = -392 - 250. What are the prime factors of (a/8)/(((-75)/(-80))/(-5))?
2, 107
Suppose -7*t = -2*t + 2*b + 20, 27 = -2*t + 3*b. What are the prime factors of (4*-111)/t + -4?
2, 5, 7
Suppose -13*h - 124 - 396 = 0. List the prime factors of (-11968)/h - (4/5)/4.
13, 23
Suppose 36*i + 3126 = 38*i. Suppose -3*p - i = -5*j, -2*p + 3*p + 1249 = 4*j. Suppose -n + j = 3*n. List the prime factors of n.
2, 3, 13
Suppose 2*d + 6*d - 16 = 0. Suppose 7*o - 1635 = d*o. Suppose -9*w = -348 - o. What are the prime factors of w?
3, 5
Let l be 5/2*(-224)/(-140). Let v(o) = o**2 - 13*o + 10. Let h be v(13). List the prime factors of (15/h - l)*-4.
2, 5
Let t = 8751 - -1623. What are the prime factors of t?
2, 3, 7, 13, 19
Let d(r) = 4*r**2 + 195*r - 366. What are the prime factors of d(-79)?
29, 317
Let h = -34 + 26. Let n(l) = 3*l**2 - 14*l - 19. What are the prime factors of n(h)?
3, 5, 19
Let v(f) = 94*f + 28. Let c be v(14). List the prime factors of (-1)/(c/1348 - 1) - -4.
11, 31
Suppose 4*t + 289 = -5*w, -t + 5*w - 64 = 27. Let l be 32/(-144) + t/(-18). What are the prime factors of 1/((-1)/(-54)) - l?
2, 5
Let j be (-12)/(-150) + (-2044)/(-700). Let d(c) = 8*c**2 + 8*c + 1. Let b be d(-7). 